{"id":6306,"date":"2025-06-25T11:23:40","date_gmt":"2025-06-25T09:23:40","guid":{"rendered":"https:\/\/www.dojo-ronin.de\/?page_id=6306"},"modified":"2025-06-25T11:23:40","modified_gmt":"2025-06-25T09:23:40","slug":"4-sieben-seen-cup","status":"publish","type":"page","link":"https:\/\/www.dojo-ronin.de\/wordpress\/4-sieben-seen-cup\/","title":{"rendered":"4. Sieben-Seen-Cup"},"content":{"rendered":"<table width=\"654\">\n<tbody>\n<tr>\n<td width=\"146\">Gruppe<\/td>\n<td width=\"83\">Kategorie<\/td>\n<td width=\"144\">3. Platz<\/td>\n<td width=\"141\">2. Platz<\/td>\n<td width=\"140\">1. Platz<\/td>\n<\/tr>\n<tr>\n<td>A weiblich<\/td>\n<td>Kata<\/td>\n<td>Melina M\u00fcller<\/td>\n<td>Charlotte Kujas<\/td>\n<td>Lucy Senneke<\/td>\n<\/tr>\n<tr>\n<td>A m\u00e4nnlich<\/td>\n<td>Kata<\/td>\n<td>Magnus Schlunze<\/td>\n<td>Ruben D\u00fchrant<\/td>\n<td>Fabian Hanigk<\/td>\n<\/tr>\n<tr>\n<td>B1 weiblich<\/td>\n<td>Kata<\/td>\n<td>Amy Henschel<\/td>\n<td>Leni Homann<\/td>\n<td>Amy Lynn Peters<\/td>\n<\/tr>\n<tr>\n<td>B1 weiblich<\/td>\n<td>Kumite<\/td>\n<td>Melina Brutyan<\/td>\n<td>Zoey Br\u00fcggert<\/td>\n<td>Kim Knitter<\/td>\n<\/tr>\n<tr>\n<td>B1 m\u00e4nnlich<\/td>\n<td>Kata<\/td>\n<td>Fares Dyab<\/td>\n<td>Zaid Dyab<\/td>\n<td>Gian-Luca Nentwich<\/td>\n<\/tr>\n<tr>\n<td>B1 m\u00e4nnlich<\/td>\n<td>Kumite<\/td>\n<td>Zaid Dyab<\/td>\n<td>Joel Ritt<\/td>\n<td>Gian-Luca Nentwich<\/td>\n<\/tr>\n<tr>\n<td>B2 m\u00e4nnlich<\/td>\n<td>Kata<\/td>\n<td>Fabio Endrejat<\/td>\n<td>Mohamed Al-Masri<\/td>\n<td>Vincent Herrmann<\/td>\n<\/tr>\n<tr>\n<td>B2 m\u00e4nnlich<\/td>\n<td>Kumite<\/td>\n<td>Marvin D\u00fchrant<\/td>\n<td>Vincent Herrmann<\/td>\n<td>Mohamed Al-Masri<\/td>\n<\/tr>\n<tr>\n<td>B2 + B3 weiblich<\/td>\n<td>Kata<\/td>\n<td>Nadja Wesolek<\/td>\n<td>Lisane Dorn<\/td>\n<td>Henrike Thorn<\/td>\n<\/tr>\n<tr>\n<td>B2 + B3 weiblich<\/td>\n<td>Kumite<\/td>\n<td>Nadja Wesolek<\/td>\n<td>Henrike Thorn<\/td>\n<td>Carolin Krack<\/td>\n<\/tr>\n<tr>\n<td>C1 + C2 m\u00e4nnlich<\/td>\n<td>Kata<\/td>\n<td><\/td>\n<td>Hannes Fechter<\/td>\n<td>Tarek Dyab<\/td>\n<\/tr>\n<tr>\n<td>C1 + C2 m\u00e4nnlich<\/td>\n<td>Kumite<\/td>\n<td><\/td>\n<td>Hannes Fechter<\/td>\n<td>Tarek Dyab<\/td>\n<\/tr>\n<tr>\n<td>C1 + C2 + C3 weiblich<\/td>\n<td>Kata<\/td>\n<td>Monique Miersch<\/td>\n<td>Sina Behrens<\/td>\n<td>Jonna Kortstock<\/td>\n<\/tr>\n<tr>\n<td>C1 + C2 weiblich<\/td>\n<td>Kumite<\/td>\n<td><\/td>\n<td>Marileen Birkholz<\/td>\n<td>Emma Peterleusch<\/td>\n<\/tr>\n<tr>\n<td>C3 weiblich<\/td>\n<td>Kumite<\/td>\n<td>Anna Schott<\/td>\n<td>Chiara Korstock<\/td>\n<td>Jonna Kortstock<\/td>\n<\/tr>\n<tr>\n<td>C3 m\u00e4nnlich<\/td>\n<td>Kumite<\/td>\n<td>Lasse Flo\u00dfbach<\/td>\n<td>Mika H\u00fcthel<\/td>\n<td>Tjalf Gregorius<\/td>\n<\/tr>\n<tr>\n<td>C3 m\u00e4nnlich<\/td>\n<td>Kata<\/td>\n<td>Lasse Flo\u00dfbach<\/td>\n<td>Konstantin K\u00e4merow<\/td>\n<td>Jannes Petsch<\/td>\n<\/tr>\n<tr>\n<td>D3 m\u00e4nnlich<\/td>\n<td>Kumite<\/td>\n<td>Fabian Frahm<\/td>\n<td>Fynn Weber<\/td>\n<td>Damian Drexel<\/td>\n<\/tr>\n<tr>\n<td>D3 m\u00e4nnlich<\/td>\n<td>Kata<\/td>\n<td>Fabian Frahm<\/td>\n<td>Damian Drexel<\/td>\n<td>Tom Teske<\/td>\n<\/tr>\n<tr>\n<td>E1 + E2 + E3 m\u00e4nnlich<\/td>\n<td>Kata<\/td>\n<td>Maik Grabowski<\/td>\n<td>Mohammed Mostafa<\/td>\n<td>Peter Heinze<\/td>\n<\/tr>\n<tr>\n<td>E2 + E3 m\u00e4nnlich<\/td>\n<td>Kumite<\/td>\n<td>Mohammed Mostafa<\/td>\n<td>Peter Heinze<\/td>\n<td>Karol Wasilewski<\/td>\n<\/tr>\n<tr>\n<td>F1 + F2 m\u00e4nnlich<\/td>\n<td>Kata<\/td>\n<td>Ashigaru 2<\/td>\n<td>Ronin 1<\/td>\n<td>Ronin 3<\/td>\n<\/tr>\n<tr>\n<td>F1 + F2 weiblich<\/td>\n<td>Kata<\/td>\n<td>Ronin 9<\/td>\n<td>Ronin 8<\/td>\n<td>Ashigaru 3<\/td>\n<\/tr>\n<tr>\n<td>F1 m\u00e4nnlich<\/td>\n<td>Kumite<\/td>\n<td>Ashigaru 1<\/td>\n<td>Ashigaru 2<\/td>\n<td>Ronin 1<\/td>\n<\/tr>\n<tr>\n<td>G2 m\u00e4nnlich<\/td>\n<td>Kumite<\/td>\n<td>Ronin 6<\/td>\n<td>Ronin 5<\/td>\n<td>Karate Dojos e.V.<\/td>\n<\/tr>\n<tr>\n<td>G1 + G2 weiblich<\/td>\n<td>Kumite<\/td>\n<td>Ronin 14<\/td>\n<td>Ronin 15<\/td>\n<td>Ronin 16<\/td>\n<\/tr>\n<tr>\n<td>F1 weiblich<\/td>\n<td>Kumite<\/td>\n<td>Ronin 10<\/td>\n<td>Ronin 11<\/td>\n<td>Ronin 8<\/td>\n<\/tr>\n<tr>\n<td>F2 weiblich<\/td>\n<td>Kumite<\/td>\n<td>Ronin 12<\/td>\n<td>Ronin 13<\/td>\n<td>Ashigaru 3<\/td>\n<\/tr>\n<tr>\n<td>D3 weiblich<\/td>\n<td>Kumite<\/td>\n<td>Chiara F\u00f6rster<\/td>\n<td>Victoria Klimaschewski<\/td>\n<td>Anna-Lena Haak<\/td>\n<\/tr>\n<tr>\n<td>D3 + E3 weiblich<\/td>\n<td>Kata<\/td>\n<td>Karin Heinze<\/td>\n<td>Ying-Ying F\u00f6rster<\/td>\n<td>Kim Hachmeier<\/td>\n<\/tr>\n<tr>\n<td>G1 + G2 + H2 m w<\/td>\n<td>Kata<\/td>\n<td>Ronin 16<\/td>\n<td>Ronin 7<\/td>\n<td>Ronin 5<\/td>\n<\/tr>\n<tr>\n<td>H2 m w<\/td>\n<td>Kumite<\/td>\n<td>Ronin 17<\/td>\n<td>Karate Dojos<\/td>\n<td>Ronin 7<\/td>\n<\/tr>\n<tr>\n<td>E3 weiblich<\/td>\n<td>Kumite<\/td>\n<td>Karin Heinze<\/td>\n<td>Kim Hachmeier<\/td>\n<td>Ying-Ying F\u00f6rster<\/td>\n<\/tr>\n<tr>\n<td>F2 m\u00e4nnlich<\/td>\n<td>Kumite<\/td>\n<td><\/td>\n<td>Ronin 3<\/td>\n<td>Ronin 4<\/td>\n<\/tr>\n<\/tbody>\n<\/table>\n","protected":false},"excerpt":{"rendered":"<p>Gruppe Kategorie 3. Platz 2. Platz 1. Platz A weiblich Kata Melina M\u00fcller Charlotte Kujas Lucy Senneke A m\u00e4nnlich Kata Magnus Schlunze Ruben D\u00fchrant Fabian Hanigk B1 weiblich Kata Amy Henschel Leni Homann Amy Lynn Peters B1 weiblich Kumite Melina Brutyan Zoey Br\u00fcggert Kim Knitter B1 m\u00e4nnlich Kata Fares Dyab [&hellip;]<\/p>\n","protected":false},"author":6,"featured_media":0,"parent":0,"menu_order":0,"comment_status":"closed","ping_status":"closed","template":"","meta":{"_price":"","_stock":"","_tribe_ticket_header":"","_tribe_default_ticket_provider":"","_tribe_ticket_capacity":"0","_ticket_start_date":"","_ticket_end_date":"","_tribe_ticket_show_description":"","_tribe_ticket_show_not_going":false,"_tribe_ticket_use_global_stock":"","_tribe_ticket_global_stock_level":"","_global_stock_mode":"","_global_stock_cap":"","_tribe_rsvp_for_event":"","_tribe_ticket_going_count":"","_tribe_ticket_not_going_count":"","_tribe_tickets_list":"[]","_tribe_ticket_has_attendee_info_fields":false,"footnotes":"","_tec_slr_enabled":"","_tec_slr_layout":""},"class_list":["post-6306","page","type-page","status-publish","hentry"],"ticketed":false,"_links":{"self":[{"href":"https:\/\/www.dojo-ronin.de\/wordpress\/wp-json\/wp\/v2\/pages\/6306","targetHints":{"allow":["GET"]}}],"collection":[{"href":"https:\/\/www.dojo-ronin.de\/wordpress\/wp-json\/wp\/v2\/pages"}],"about":[{"href":"https:\/\/www.dojo-ronin.de\/wordpress\/wp-json\/wp\/v2\/types\/page"}],"author":[{"embeddable":true,"href":"https:\/\/www.dojo-ronin.de\/wordpress\/wp-json\/wp\/v2\/users\/6"}],"replies":[{"embeddable":true,"href":"https:\/\/www.dojo-ronin.de\/wordpress\/wp-json\/wp\/v2\/comments?post=6306"}],"version-history":[{"count":1,"href":"https:\/\/www.dojo-ronin.de\/wordpress\/wp-json\/wp\/v2\/pages\/6306\/revisions"}],"predecessor-version":[{"id":6307,"href":"https:\/\/www.dojo-ronin.de\/wordpress\/wp-json\/wp\/v2\/pages\/6306\/revisions\/6307"}],"wp:attachment":[{"href":"https:\/\/www.dojo-ronin.de\/wordpress\/wp-json\/wp\/v2\/media?parent=6306"}],"curies":[{"name":"wp","href":"https:\/\/api.w.org\/{rel}","templated":true}]}}