{"id":4627,"date":"2018-05-09T08:37:35","date_gmt":"2018-05-09T06:37:35","guid":{"rendered":"https:\/\/www.dojo-ronin.de\/?page_id=4627"},"modified":"2018-08-17T23:09:04","modified_gmt":"2018-08-17T21:09:04","slug":"mitgliederbereich","status":"publish","type":"page","link":"https:\/\/www.dojo-ronin.de\/wordpress\/verein\/mitgliederbereich\/","title":{"rendered":"Mitgliederbereich"},"content":{"rendered":"<p>Dieser Bereich ist f\u00fcr Mitglieder des Kampfkunstvereins &#8222;Dojo Ronin&#8220; e.V.<\/p>\n<p><a href=\"https:\/\/www.dojo-ronin.de\/verein\/mitgliederbereich\/register\/\">Hier<\/a> k\u00f6nnt Ihr Euch f\u00fcr den Mitgliederbereich registrieren.<\/p>\n<p>Nach Best\u00e4tigung des Mitgliedskontos k\u00f6nnt Ihr Euch f\u00fcr den Newsletter f\u00fcr Vereinsmitglieder anmelden, auf die Bildergalerie und weitere Informationsseiten zugreifen. Das Angebot wird dabei stetig erweitert.<\/p>\n","protected":false},"excerpt":{"rendered":"<p>Dieser Bereich ist f\u00fcr Mitglieder des Kampfkunstvereins &#8222;Dojo Ronin&#8220; e.V. Hier k\u00f6nnt Ihr Euch f\u00fcr den Mitgliederbereich registrieren. Nach Best\u00e4tigung des Mitgliedskontos k\u00f6nnt Ihr Euch f\u00fcr den Newsletter f\u00fcr Vereinsmitglieder anmelden, auf die Bildergalerie und weitere Informationsseiten zugreifen. Das Angebot wird dabei stetig erweitert.<\/p>\n","protected":false},"author":6,"featured_media":0,"parent":11,"menu_order":0,"comment_status":"closed","ping_status":"closed","template":"","meta":{"_price":"","_stock":"","_tribe_ticket_header":"","_tribe_default_ticket_provider":"","_tribe_ticket_capacity":"0","_ticket_start_date":"","_ticket_end_date":"","_tribe_ticket_show_description":"","_tribe_ticket_show_not_going":false,"_tribe_ticket_use_global_stock":"","_tribe_ticket_global_stock_level":"","_global_stock_mode":"","_global_stock_cap":"","_tribe_rsvp_for_event":"","_tribe_ticket_going_count":"","_tribe_ticket_not_going_count":"","_tribe_tickets_list":"[]","_tribe_ticket_has_attendee_info_fields":false,"footnotes":"","_tec_slr_enabled":"","_tec_slr_layout":""},"class_list":["post-4627","page","type-page","status-publish","hentry"],"ticketed":false,"_links":{"self":[{"href":"https:\/\/www.dojo-ronin.de\/wordpress\/wp-json\/wp\/v2\/pages\/4627","targetHints":{"allow":["GET"]}}],"collection":[{"href":"https:\/\/www.dojo-ronin.de\/wordpress\/wp-json\/wp\/v2\/pages"}],"about":[{"href":"https:\/\/www.dojo-ronin.de\/wordpress\/wp-json\/wp\/v2\/types\/page"}],"author":[{"embeddable":true,"href":"https:\/\/www.dojo-ronin.de\/wordpress\/wp-json\/wp\/v2\/users\/6"}],"replies":[{"embeddable":true,"href":"https:\/\/www.dojo-ronin.de\/wordpress\/wp-json\/wp\/v2\/comments?post=4627"}],"version-history":[{"count":2,"href":"https:\/\/www.dojo-ronin.de\/wordpress\/wp-json\/wp\/v2\/pages\/4627\/revisions"}],"predecessor-version":[{"id":4740,"href":"https:\/\/www.dojo-ronin.de\/wordpress\/wp-json\/wp\/v2\/pages\/4627\/revisions\/4740"}],"up":[{"embeddable":true,"href":"https:\/\/www.dojo-ronin.de\/wordpress\/wp-json\/wp\/v2\/pages\/11"}],"wp:attachment":[{"href":"https:\/\/www.dojo-ronin.de\/wordpress\/wp-json\/wp\/v2\/media?parent=4627"}],"curies":[{"name":"wp","href":"https:\/\/api.w.org\/{rel}","templated":true}]}}